*s - s = 2*k, 0 = -4*k + s + 9. What are the prime factors of (4 - (-44 + 2 + 4))/k?
3, 7
What are the prime factors of ((-8)/6)/(148/(-269286))?
2, 1213
Suppose -3*n - 2*x + 1393 = 2*x, 0 = -4*n + 3*x + 1849. What are the prime factors of n?
463
Let a = -1247 - -6157. What are the prime factors of a?
2, 5, 491
Let a be ((-45)/(-6))/(-15) - (-18062)/4. What are the prime factors of a/25 + 7 - (-2)/5?
2, 47
Let c be 14/(-70) + 562/10. Let b = 45 + c. What are the prime factors of b?
101
Suppose 3*x - 1153 = 4*g, -131 - 280 = -x - 4*g. What are the prime factors of x?
17, 23
Let r(l) = -l**3 + 6*l**2 - 3*l - 4. Suppose -2 = -u + 2. Suppose 2*a + u*j + 15 = -j, 3*j + 15 = 0. List the prime factors of r(a).
2, 3
Let k(r) = r**2 - 5*r - 2. Let j be k(6). Suppose 0 = 4*i - 2*g - 538, 0*i - 5*g + 545 = 4*i. Suppose -b + i = j*b. List the prime factors of b.
3
Suppose -3 - 10 = q. Let i = -6 - -3. List the prime factors of (q + 1)*2/i.
2
Let s(u) be the second derivative of -u**4/6 + 8*u**3/3 - 7*u**2/2 + 2*u. Let r be s(6). List the prime factors of (-6 - -5)*r*-4.
2, 17
Let m(k) = -k**2 - k + 1. Let a(j) = -4*j**2 - 6*j + 2. Let y(s) = -a(s) + 3*m(s). Let h(g) = -g**2 + 14*g + 27. Let n be h(16). List the prime factors of y(n).
11
Let j = -112 + 190. Let d = -16 + 18. Suppose -3*s = -6*s - 3*z + j, -3*s = d*z - 81. What are the prime factors of s?
29
Let r(g) be the first derivative of -3*g**2 - 2*g - 4. Let y be r(-9). Suppose -13*c + y = -9*c. What are the prime factors of c?
13
Let l = -635 - -926. Suppose -l - 789 = -9*j. List the prime factors of j.
2, 3, 5
Let h(u) = -56*u + 4. Let d be (-2)/(-3)*6/1. Suppose 2*x + 2*x = -d. List the prime factors of h(x).
2, 3, 5
Suppose -2*m - 8*m = -8670. List the prime factors of m.
3, 17
List the prime factors of (2896/3)/(36/54).
2, 181
Suppose 3*f - 2*g + 64 = -0*f, 0 = -g + 5. Let v = 21 + f. Suppose -4*p + 4*l + 22 = -l, 0 = v*l - 6. What are the prime factors of p?
2
Suppose 5*w - 5*q = 3290, 2*q - 5 = 4*w - 2637. What are the prime factors of w?
2, 7, 47
Let a = 35 + -10. Suppose -2*l = -27 - a. List the prime factors of l.
2, 13
Suppose 5*m - m - 3*l = 20, m - 2*l = 5. Suppose -5*c + 2*b = -110, m*b - 44 - 11 = -4*c. What are the prime factors of c?
2, 5
Let r = -458 - -544. What are the prime factors of r?
2, 43
Suppose 0 = -2*u - 3*y + 407, 35*u - 40*u - 4*y = -1007. List the prime factors of u.
199
Suppose i + 9*l - 1342 = 13*l, i - 1318 = -4*l. List the prime factors of i.
2, 5, 7, 19
Let m(h) = -27*h**3 + 4*h**2 + 8*h + 39. What are the prime factors of m(-4)?
7, 257
Let o(z) = z**2 - 9*z + 6. Let w be o(6). Let g = w - -43. List the prime factors of g.
31
Suppose -3*d + 12596 = 4*r, 5*d + 50*r - 20970 = 55*r. List the prime factors of d.
2, 1049
Let v(f) = f**3 + f**2 + 730. Let z be v(0). Suppose -3*k + 2*m + 731 = 0, m - z = -3*k + 2*m. What are the prime factors of k?
3
Let j(r) = -1 - 8 - r**2 + 45 + 10*r. List the prime factors of j(11).
5
Let h = 1348 + -1163. What are the prime factors of h?
5, 37
Let w be 4 + 0/(-5 - -1). Suppose w = -i + 1, -3*n = 2*i. Suppose m + n*p = 57, m + 3*m + 3*p = 233. What are the prime factors of m?
59
Let b(t) be the second derivative of t**5/2 - t**4/12 + t**2 + 5*t. Let c be b(2). Suppose -4*i + 66 = -c. List the prime factors of i.
2, 3
Let i = 5080 - 1354. List the prime factors of i.
2, 3, 23
Let a = -157 + 819. List the prime factors of a.
2, 331
Let k(x) = x**2 + 18*x + 2. Let c be k(6). Suppose -3*b + 343 + c = 0. What are the prime factors of b?
163
Suppose -5*r + 26 = 296. Let m be (r/(-45))/((-6)/(-20)). List the prime factors of 6*4 - m/(-4).
5
Suppose 2*u + 6*n - 7*n - 3475 = 0, 0 = 2*u - 3*n - 3469. What are the prime factors of u?
37, 47
Let d be (4/12)/((-2)/(-18)). Let f(x) = 2*x**2 + x + 1 + 12*x**d - 3*x + 0*x. List the prime factors of f(1).
13
Let c(j) = -46*j + 1060. List the prime factors of c(-54).
2, 443
Let i be (5 + -3)*4*-2. What are the prime factors of 244*((-4)/10)/(i/20)?
2, 61
Let p = -356 - -606. Let g = p - 166. List the prime factors of g.
2, 3, 7
Let m(l) be the first derivative of l**4/4 - 7*l**3/3 - 3*l**2/2 - 9*l - 1. Suppose 27*r - 201 = 15. List the prime factors of m(r).
31
Let b(s) = 2*s**2 + 17*s + 6. List the prime factors of b(-19).
3, 5
Let y = -575 + 1013. What are the prime factors of y?
2, 3, 73
Let u be 15/(-60) - 27/4. Let j be ((-6)/(-4))/(u/(-168)). Let m = -5 + j. List the prime factors of m.
31
Suppose 8*f - 12095 + 4591 = 0. What are the prime factors of f?
2, 7, 67
Suppose -3*a - 97 = 5*g, 4*a + 170 = g + 10. Let o = a + 111. Suppose 4*j - o = -2*f, 46 + 2 = 3*j + 3*f. What are the prime factors of j?
2, 5
What are the prime factors of (5 - 2)/3*103?
103
Let c = -668 + 1595. List the prime factors of c.
3, 103
Suppose 31*r - 34*r = -12. Suppose -3*h - 3*y = 345, 0 = -5*h - 7*y + r*y - 577. Let n = 165 + h. List the prime factors of n.
7
Let j = -20 + 28. Let q(i) = j*i - 4*i + 3 - 2*i. List the prime factors of q(0).
3
Suppose -48*v + 17*v = -28086. List the prime factors of v.
2, 3, 151
List the prime factors of ((-54)/(-9) + 34/4)*236.
2, 29, 59
Let j = -3639 - -5772. What are the prime factors of j?
3, 79
Let z = -12 + 9. Let d = z - -2. Let t = d + 11. List the prime factors of t.
2, 5
Suppose 3*l + s = -2*s + 279, 4*s + 396 = 4*l. Let w = 33 - 29. Suppose -l + w = -2*j. What are the prime factors of j?
2, 23
Let n = 1242 + -811. Suppose w - n = -3*x - 0*x, -5*w + 715 = 5*x. List the prime factors of x.
2, 3
Let m = 57 + -67. What are the prime factors of 25/m*(2 + -60)?
5, 29
Let r be 8/20 + (-2)/5. Suppose r = 3*k - 6*k + 9. Suppose k*c - 10 = 26. What are the prime factors of c?
2, 3
Let x = 1244 + -857. Suppose -12*l = -x - 333. List the prime factors of l.
2, 3, 5
Let s be 6 + -63 + 3*-1. Let u = s + 109. List the prime factors of u + 1 + -4 + -1.
3, 5
Suppose 396 = -4*d + 2060. List the prime factors of d.
2, 13
Suppose -4*t = 2*f - 12, 4*t = 2*f + 5 + 7. Suppose f = v + v - 2*m - 222, -2*v = m - 228. List the prime factors of v.
113
Let f(n) = -n**3 - n**2 + 393. List the prime factors of f(0).
3, 131
Let n = -145 - -252. Suppose w - n = -3*c, -w - 5 + 1 = 0. List the prime factors of c.
37
Let h be -302*(5 - 33/6). Suppose -2*k - h = -403. What are the prime factors of k?
2, 3, 7
Let m be (-5 + 2 - -4)*(1 + 184). Suppose -r + m = 4*l, 0 = -4*r + 2*l + 376 + 328. What are the prime factors of r?
3, 59
Let b(c) = c**3 - 5*c + 1. Let v be b(4). Suppose 3*r + v = 3*d - 0*d, 2*r + 42 = 3*d. List the prime factors of d.
2, 3
Suppose 0 = 3*s + 5*j - 0*j - 34, 5*s - 20 = -j. Suppose -2*r + 29 = -s*v, 2*r + v - 41 = -0*v. List the prime factors of r.
19
Let z(g) = 19*g - 3. Let h = -7 + 11. Let t be z(h). Let p = t + -49. What are the prime factors of p?
2, 3
Let s(i) = i + 63. Let t(z) = -2*z - 126. Let g(r) = 7*s(r) + 3*t(r). List the prime factors of g(-15).
2, 3
List the prime factors of 15666/56 + 35/(-20).
2, 139
Let z(j) be the third derivative of j**5/60 + 11*j**4/24 + 11*j**3/6 + 20*j**2. What are the prime factors of z(-17)?
113
Suppose -4*l - 19*w + 18468 = -21*w, 0 = 5*l - w - 23088. List the prime factors of l.
2, 2309
Let f(d) = -7*d**3 - d - 2. Let t be f(2). Let y be 0 + -1 - (28 - -1). Let v = y - t. What are the prime factors of v?
2, 3, 5
Suppose m - 4 = 0, -5*g = -2*m - 3018 + 206. List the prime factors of g.
2, 3, 47
Let m be (56/6)/(11/(-33)). List the prime factors of (-40)/(-6)*(-42)/m.
2, 5
Let r = -1279 + 3507. What are the prime factors of r?
2, 557
Suppose -4*g - y + 7 = -0*y, -5*g - 4*y = -6. Suppose -g*k - k - 5*x = -431, 3*k - 471 = 3*x. List the prime factors of k.
2, 19
Let l be (-4)/14*(-14)/2. Let j(a) = 23*a - 1. List the prime factors of j(l).
3, 5
Let y = -4 - -9. Suppose -2*w - 41 = y*n, 0 = -3*n + n + w - 20. What are the prime factors of ((-12)/n)/(-4)*-12?
2
What are the prime factors of 16/(112/21) - 773*-5?
2, 967
Suppose 3*y - 4486 = -5*b, -b = 5*y - 1405 + 499. What are the prime factors of b?
2, 7
Suppose 0 = -121*f + 123*f - 654. What are the prime factors of f?
3, 109
Let b be (-3)/(-1)*(-32)/(-12). Suppose -b*g - 288 = -10*g. Suppose 4*i + g = 8*i - 3*y, -5*i + 149 = 4*y. List the prime factors of i.
3, 11
List the prime factors of (1 - (-